 is the remainder when 45 is divided by 20?
5
Calculate the remainder when 1002 is divided by 60.
42
What is the remainder when 107 is divided by 9?
8
What is the remainder when 3174 is divided by 25?
24
Calculate the remainder when 16047 is divided by 75.
72
Calculate the remainder when 215 is divided by 62.
29
What is the remainder when 763 is divided by 77?
70
Calculate the remainder when 1401 is divided by 26.
23
Calculate the remainder when 858 is divided by 4.
2
Calculate the remainder when 52 is divided by 36.
16
Calculate the remainder when 1486 is divided by 381.
343
Calculate the remainder when 15091 is divided by 27.
25
What is the remainder when 81 is divided by 30?
21
Calculate the remainder when 103 is divided by 38.
27
What is the remainder when 17 is divided by 13?
4
Calculate the remainder when 35 is divided by 6.
5
Calculate the remainder when 315 is divided by 14.
7
What is the remainder when 579 is divided by 20?
19
Calculate the remainder when 139 is divided by 43.
10
What is the remainder when 1627 is divided by 328?
315
What is the remainder when 850 is divided by 19?
14
What is the remainder when 1323 is divided by 9?
0
Calculate the remainder when 390 is divided by 36.
30
Calculate the remainder when 3809 is divided by 15.
14
What is the remainder when 309 is divided by 82?
63
Calculate the remainder when 150 is divided by 69.
12
Calculate the remainder when 162 is divided by 159.
3
Calculate the remainder when 149 is divided by 36.
5
Calculate the remainder when 128 is divided by 6.
2
Calculate the remainder when 1231 is divided by 65.
61
What is the remainder when 19 is divided by 14?
5
What is the remainder when 52389 is divided by 296?
293
What is the remainder when 259 is divided by 72?
43
Calculate the remainder when 11999 is divided by 48.
47
What is the remainder when 512 is divided by 63?
8
Calculate the remainder when 66 is divided by 50.
16
What is the remainder when 647 is divided by 12?
11
What is the remainder when 582 is divided by 263?
56
Calculate the remainder when 988 is divided by 328.
4
What is the remainder when 155 is divided by 112?
43
Calculate the remainder when 327 is divided by 107.
6
Calculate the remainder when 612 is divided by 77.
73
What is the remainder when 341 is divided by 18?
17
What is the remainder when 8357 is divided by 76?
73
What is the remainder when 243 is divided by 31?
26
Calculate the remainder when 1405 is divided by 21.
19
What is the remainder when 6611 is divided by 8?
3
What is the remainder when 44 is divided by 3?
2
Calculate the remainder when 15 is divided by 12.
3
What is the remainder when 187 is divided by 58?
13
What is the remainder when 544 is divided by 265?
14
What is the remainder when 3947 is divided by 113?
105
What is the remainder when 57 is divided by 21?
15
Calculate the remainder when 99 is divided by 38.
23
Calculate the remainder when 114 is divided by 20.
14
What is the remainder when 374 is divided by 186?
2
What is the remainder when 132 is divided by 19?
18
What is the remainder when 1302 is divided by 83?
57
Calculate the remainder when 13068 is divided by 16.
12
What is the remainder when 4575 is divided by 104?
103
What is the remainder when 114 is divided by 40?
34
Calculate the remainder when 536 is divided by 15.
11
Calculate the remainder when 199 is divided by 16.
7
Calculate the remainder when 575 is divided by 275.
25
Calculate the remainder when 189 is divided by 16.
13
What is the remainder when 19 is divided by 18?
1
What is the remainder when 479 is divided by 11?
6
Calculate the remainder when 108 is divided by 16.
12
What is the remainder when 127 is divided by 43?
41
Calculate the remainder when 240 is divided by 121.
119
Calculate the remainder when 659 is divided by 44.
43
What is the remainder when 99537 is divided by 63?
60
What is the remainder when 573 is divided by 9?
6
Calculate the remainder when 795 is divided by 42.
39
Calculate the remainder when 2532 is divided by 15.
12
What is the remainder when 1262 is divided by 11?
8
What is the remainder when 4878 is divided by 181?
172
Calculate the remainder when 194 is divided by 18.
14
Calculate the remainder when 5706 is divided by 13.
12
Calculate the remainder when 225 is divided by 76.
73
Calculate the remainder when 636 is divided by 40.
36
Calculate the remainder when 459 is divided by 22.
19
What is the remainder when 763 is divided by 51?
49
What is the remainder when 371 is divided by 14?
7
What is the remainder when 126 is divided by 10?
6
What is the remainder when 58 is divided by 21?
16
What is the remainder when 957 is divided by 16?
13
Calculate the remainder when 66 is divided by 17.
15
What is the remainder when 17 is divided by 2?
1
Calculate the remainder when 272 is divided by 149.
123
What is the remainder when 645 is divided by 68?
33
Calculate the remainder when 111 is divided by 50.
11
What is the remainder when 218 is divided by 23?
11
What is the remainder when 24512 is divided by 17?
15
What is the remainder when 770 is divided by 256?
2
Calculate the remainder when 2777 is divided by 304.
41
What is the remainder when 615 is divided by 21?
6
Calculate the remainder when 222 is divided by 63.
33
Calculate the remainder when 87 is divided by 75.
12
Calculate the remainder when 649 is divided by 25.
24
Calculate the remainder when 8572 is divided by 49.
46
Calculate the remainder when 301 is divided by 81.
58
What is the remainder when 72198 is divided by 10?
8
Calculate the remainder when 23801 is divided by 22.
19
What is the remainder when 656 is divided by 111?
101
What is the remainder when 1407 is divided by 22?
21
What is the remainder when 105 is divided by 57?
48
What is the remainder when 574 is divided by 34?
30
Calculate the remainder when 492 is divided by 101.
88
What is the remainder when 179 is divided by 36?
35
Calculate the remainder when 289 is divided by 142.
5
Calculate the remainder when 459 is divided by 100.
59
What is the remainder when 650 is divided by 176?
122
What is the remainder when 568 is divided by 57?
55
Calculate the remainder when 70 is divided by 62.
8
Calculate the remainder when 296 is divided by 50.
46
What is the remainder when 84 is divided by 11?
7
What is the remainder when 237 is divided by 20?
17
What is the remainder when 7128 is divided by 7124?
4
What is the remainder when 18 is divided by 5?
3
What is the remainder when 587 is divided by 12?
11
What is the remainder when 226 is divided by 93?
40
What is the remainder when 1206 is divided by 121?
117
Calculate the remainder when 438 is divided by 10.
8
What is the remainder when 195 is divided by 49?
48
What is the remainder when 867 is divided by 124?
123
Calculate the remainder when 123 is divided by 25.
23
Calculate the remainder when 61 is divided by 45.
16
Calculate the remainder when 85 is divided by 69.
16
What is the remainder when 929 is divided by 15?
14
What is the remainder when 837 is divided by 28?
25
Calculate the remainder when 766 is divided by 71.
56
Calculate the remainder when 361 is divided by 14.
11
Calculate the remainder when 1445 is divided by 349.
49
Calculate the remainder when 101 is divided by 32.
5
What is the remainder when 1629 is divided by 24?
21
What is the remainder when 464 is divided by 15?
14
What is the remainder when 1722 is divided by 61?
14
Calculate the remainder when 142 is divided by 17.
6
What is the remainder when 686 is divided by 10?
6
What is the remainder when 261 is divided by 19?
14
What is the remainder when 54 is divided by 20?
14
Calculate the remainder when 9951 is divided by 9.
6
What is the remainder when 3584 is divided by 198?
20
What is the remainder when 606 is divided by 38?
36
Calculate the remainder when 64 is divided by 25.
14
Calculate the remainder when 1344 is divided by 33.
24
What is the remainder when 997 is divided by 45?
7
Calculate the remainder when 254 is divided by 133.
121
Calculate the remainder when 141 is divided by 18.
15
Calculate the remainder when 139 is divided by 2.
1
Calculate the remainder when 186 is divided by 21.
18
Calculate the remainder when 6098 is divided by 109.
103
What is the remainder when 152 is divided by 40?
32
Calculate the remainder